t common divisor of 1824640 and 410.
10
What is the highest common divisor of 1996 and 37676?
4
What is the highest common factor of 29 and 2886014779?
29
Calculate the greatest common factor of 12209 and 51881.
29
Calculate the highest common factor of 546 and 398346.
78
What is the greatest common divisor of 2030097 and 7968?
249
Calculate the highest common factor of 533 and 36694697.
13
Calculate the greatest common factor of 99214 and 2430404.
226
Calculate the highest common divisor of 30854495 and 300881.
5677
Calculate the greatest common divisor of 2736 and 4923090.
342
What is the greatest common factor of 48467917 and 1007?
1007
Calculate the highest common divisor of 216 and 136.
8
What is the greatest common divisor of 26858493 and 1426?
31
Calculate the highest common divisor of 1679951 and 1092.
91
Calculate the greatest common divisor of 188 and 33724662.
94
What is the greatest common factor of 766674 and 75?
3
What is the greatest common factor of 4050 and 5160915?
405
What is the greatest common factor of 458118 and 205250?
1642
What is the greatest common divisor of 114 and 12344376?
114
What is the greatest common factor of 320 and 2281315?
5
What is the highest common divisor of 41623421 and 1519?
217
What is the highest common divisor of 232638173 and 159465?
10631
What is the greatest common factor of 14860802 and 3894?
1298
Calculate the highest common divisor of 808984 and 281358.
638
Calculate the highest common factor of 359423029 and 53977.
4907
Calculate the highest common factor of 3077561 and 3217148.
6647
Calculate the greatest common divisor of 1630 and 293709700.
1630
Calculate the greatest common divisor of 15111278 and 10270.
2054
What is the highest common factor of 12445 and 81432613?
2489
What is the greatest common divisor of 16936800 and 180?
60
What is the greatest common factor of 80852690 and 47?
47
What is the greatest common divisor of 840 and 234120?
120
Calculate the greatest common factor of 4425 and 85354575.
75
Calculate the highest common divisor of 11956158 and 72.
18
Calculate the greatest common divisor of 49077 and 680599.
19
What is the highest common divisor of 25650 and 1728675?
675
Calculate the greatest common factor of 14130 and 35730.
90
What is the highest common divisor of 250176506 and 3362?
3362
Calculate the highest common divisor of 82460860 and 640.
20
Calculate the highest common factor of 3113 and 108292.
1
What is the greatest common divisor of 455708099 and 1034?
517
Calculate the greatest common factor of 99008 and 107168.
544
What is the highest common divisor of 4008305 and 15833?
71
Calculate the greatest common divisor of 137 and 21431732.
137
What is the greatest common factor of 1920 and 5674752?
384
What is the highest common divisor of 18352 and 18326766?
2294
What is the highest common divisor of 12088221 and 149?
149
What is the highest common factor of 390148 and 572?
44
Calculate the highest common factor of 3076255 and 1365.
455
Calculate the greatest common divisor of 606719250 and 3010.
430
What is the highest common divisor of 170 and 35103130?
170
What is the highest common factor of 6392 and 4530424?
376
Calculate the highest common factor of 360 and 536643.
9
What is the greatest common divisor of 15 and 2520666630?
15
Calculate the highest common factor of 49 and 16695427.
49
What is the highest common factor of 26061477 and 26?
13
Calculate the highest common factor of 63619 and 35482.
113
Calculate the greatest common divisor of 50 and 1167490.
10
Calculate the highest common factor of 363 and 8345271.
33
What is the greatest common divisor of 15274387 and 3509?
29
What is the greatest common factor of 245549 and 1325?
53
What is the highest common divisor of 9183901 and 389?
389
Calculate the highest common divisor of 9606 and 3507791.
1601
Calculate the highest common divisor of 71036 and 24668.
28
What is the highest common divisor of 79290266 and 180449?
4877
What is the greatest common divisor of 532 and 257940?
4
What is the highest common factor of 846158 and 197882?
1214
What is the highest common factor of 139969307 and 2515?
503
Calculate the highest common factor of 4455 and 21315690.
1485
What is the greatest common factor of 160039124 and 112?
28
What is the highest common factor of 2064 and 250190856?
1032
What is the highest common divisor of 422880 and 330?
30
What is the highest common factor of 221605 and 21965?
115
Calculate the greatest common divisor of 881945 and 25.
5
Calculate the highest common divisor of 61870874 and 191854.
4082
What is the greatest common divisor of 1982973 and 15238?
19
What is the greatest common divisor of 2566285 and 15?
5
What is the highest common divisor of 4481296 and 3790?
758
Calculate the highest common divisor of 288072 and 72.
72
Calculate the highest common divisor of 382935692 and 788.
788
Calculate the greatest common divisor of 75894 and 270816.
546
Calculate the highest common divisor of 3882276 and 6180.
1236
Calculate the greatest common divisor of 6511324 and 8.
4
What is the greatest common factor of 38 and 11124291?
19
What is the highest common divisor of 6840 and 119025?
45
What is the highest common divisor of 53 and 94896?
1
Calculate the greatest common factor of 539850 and 29609400.
9150
Calculate the greatest common divisor of 19278063 and 186.
93
What is the greatest common factor of 1022000 and 3850?
350
Calculate the highest common divisor of 663 and 47303061.
663
What is the highest common divisor of 72 and 20272320?
72
Calculate the highest common divisor of 7288666 and 583.
583
Calculate the greatest common factor of 54561885 and 924.
21
Calculate the greatest common factor of 1486643 and 7083.
787
What is the highest common divisor of 236683 and 304?
19
What is the greatest common divisor of 17609302 and 1222?
94
Calculate the highest common factor of 807172089 and 1179.
393
Calculate the greatest common factor of 31104501 and 38.
19
What is the greatest common factor of 1595821248 and 4144?
4144
Calculate the greatest common divisor of 312 and 3660144.
24
Calculate the greatest common factor of 6284243 and 932.
233
Calculate the greatest common divisor of 291 and 903943.
97
Calculate the greatest common divisor of 8388 and 17364.
12
Calculate the highest common factor of 1208006 and 414.
46
Calculate the greatest common factor of 14139 and 40968.
9
What is the highest common factor of 29869 and 14751019?
4267
What is the highest common factor of 105032 and 525851?
691
What is the greatest common divisor of 6345 and 2955861?
9
What is the greatest common factor of 10575 and 125325?
225
Calculate the highest common factor of 580 and 24932170.
290
What is the greatest common factor of 5477948 and 318556?
868
What is the greatest common divisor of 159419870 and 3340?
1670
What is the highest common factor of 5221 and 67163171?
227
What is the highest common factor of 640783 and 19877?
143
What is the highest common factor of 193 and 26745361?
193
What is the highest common divisor of 6475230 and 135?
45
What is the greatest common factor of 3724 and 190734236?
532
What is the greatest common divisor of 1648 and 2027864?
824
Calculate the greatest common factor of 9312384 and 19840.
128
What is the greatest common divisor of 1978 and 9751034?
46
What is the greatest common divisor of 3863 and 75726389?
3863
What is the greatest common factor of 1029 and 9167529?
21
What is the highest common divisor of 65003398 and 505?
101
What is the greatest common factor of 171 and 1602083781?
171
Calculate the highest common divisor of 5621 and 2010569869.
5621
What is the greatest common divisor of 485289779 and 62?
31
Calculate the highest common divisor of 8330 and 198523892.
1666
Calculate the greatest common divisor of 74308 and 33441458.
2858
What is the greatest common factor of 53314916 and 1674?
62
Calculate the greatest common divisor of 4057 and 1463112423.
4057
What is the greatest common factor of 60 and 758904?
12
What is the greatest common factor of 22022 and 30706?
26
Calculate the highest common divisor of 16546242 and 337542.
3342
What is the greatest common factor of 960 and 182685?
15
Calculate the greatest common divisor of 16276888 and 53856.
136
What is 